{"id":17,"date":"2015-06-10T07:14:42","date_gmt":"2015-06-10T07:14:42","guid":{"rendered":"http:\/\/www.tesatcom.tv\/?page_id=17"},"modified":"2015-06-12T15:43:12","modified_gmt":"2015-06-12T15:43:12","slug":"antenes","status":"publish","type":"page","link":"https:\/\/www.tesatcom.tv\/index.php\/antenes\/","title":{"rendered":"Antenes"},"content":{"rendered":"<p class=\"midalletra\">Servei d&#8217;instal\u00b7laci\u00f3 i reparaci\u00f3 d&#8217;antentes, tant individuals com col\u00b7lectives de tot tipus: Sistemes de TDT, sistemes a trav\u00e9s de sat\u00e8l\u00b7lit, instal\u00b7lacions d&#8217;aparells per visualitzar plataformes de pagament, instal\u00b7lacions d&#8217;antenes TDT i parab\u00f2liques.<\/p>\n<div class=\"work-section middle-align\">\n<h4 style=\"font-size: 2em; color: #312a81\"><strong>Grans especialistes en<\/strong><\/h4>\n<div class=\"first-row\">\n<div class=\"work-box\">\n<\/p>\n<h3 class=\"titolsh3\">TERRESTRE<\/h3>\n<p><\/p>\n<div class=\"work-info\">\n   <img decoding=\"async\" src=\"..\/..\/imagenes\/terrestre_ilustracion.png\" width=\"175\" \/><\/p>\n<p>La TDT permet una millora en la qualitat de la recepci\u00f3 i ampliar la oferta disponible tant en n\u00famero de canals com en versatilitat del sistema.<\/p>\n<\/div>\n<\/div>\n<div class=\"work-box\">\n<\/p>\n<h3 class=\"titolsh3\">SAT\u00c8L\u00b7LIT<\/h3>\n<div class=\"work-info\">\n   <img decoding=\"async\" src=\"..\/..\/imagenes\/satelite_ilustracion.png\" width=\"175\" \/><\/p>\n<p>La televisi\u00f3 per sat\u00e8l\u00b7lit \u00e9s un m\u00e8tode de transmisi\u00f3 televisiva consistent en retransmetre des d&#8217;un sat\u00e8l\u00b7lit de comunicaci\u00f3 una senyal de televisi\u00f3 emesa des d&#8217;un punt a un altre del planeta. Tamb\u00e9 el necessitarem si volem instal\u00b7lar plataformes de pagament tipus Canal +.<\/p>\n<\/div>\n<\/div>\n<div class=\"work-box\">\n<\/p>\n<h3 class=\"titolsh3\">COMUNICACI\u00d3<\/h3>\n<div class=\"work-info\">\n   <img decoding=\"async\" src=\"..\/..\/imagenes\/comunicacion_ilustracion.png\" width=\"175\" \/><\/p>\n<p>La instal\u00b7laci\u00f3 d&#8217;una xarxa de telecomunicacions ser\u00e0 necess\u00e0ria si volem visualitzar continguts audiovisuals d&#8217;internet a trav\u00e9s dels nostres aparells de reproducci\u00f3.<\/p>\n<\/div>\n<\/div>\n<\/div>\n<\/div>\n","protected":false},"excerpt":{"rendered":"<p>Servei d&#8217;instal\u00b7laci\u00f3 i reparaci\u00f3 d&#8217;antentes, tant individuals com col\u00b7lectives de tot tipus: Sistemes de TDT, sistemes a trav\u00e9s de sat\u00e8l\u00b7lit, instal\u00b7lacions d&#8217;aparells per visualitzar plataformes de pagament, instal\u00b7lacions d&#8217;antenes TDT i parab\u00f2liques. Grans especialistes en TERRESTRE La TDT permet una millora en la qualitat de la recepci\u00f3 i ampliar la oferta disponible tant en n\u00famero&#8230; <\/p>\n","protected":false},"author":1,"featured_media":0,"parent":0,"menu_order":0,"comment_status":"closed","ping_status":"closed","template":"template-full-width.php","meta":[],"_links":{"self":[{"href":"https:\/\/www.tesatcom.tv\/index.php\/wp-json\/wp\/v2\/pages\/17"}],"collection":[{"href":"https:\/\/www.tesatcom.tv\/index.php\/wp-json\/wp\/v2\/pages"}],"about":[{"href":"https:\/\/www.tesatcom.tv\/index.php\/wp-json\/wp\/v2\/types\/page"}],"author":[{"embeddable":true,"href":"https:\/\/www.tesatcom.tv\/index.php\/wp-json\/wp\/v2\/users\/1"}],"replies":[{"embeddable":true,"href":"https:\/\/www.tesatcom.tv\/index.php\/wp-json\/wp\/v2\/comments?post=17"}],"version-history":[{"count":19,"href":"https:\/\/www.tesatcom.tv\/index.php\/wp-json\/wp\/v2\/pages\/17\/revisions"}],"predecessor-version":[{"id":95,"href":"https:\/\/www.tesatcom.tv\/index.php\/wp-json\/wp\/v2\/pages\/17\/revisions\/95"}],"wp:attachment":[{"href":"https:\/\/www.tesatcom.tv\/index.php\/wp-json\/wp\/v2\/media?parent=17"}],"curies":[{"name":"wp","href":"https:\/\/api.w.org\/{rel}","templated":true}]}}